 number?
False
Is 30/10 + 4 + 14682 a prime number?
False
Suppose -q - p - 4*p = -3044, 4*p = q - 3017. Is q composite?
True
Is (2/(-4))/((-68)/809336) a composite number?
True
Let c = 99233 + -69982. Is c a prime number?
True
Let f(j) = 108*j + 5. Let x(p) = -1. Let h(s) = f(s) + 4*x(s). Is h(1) composite?
False
Let x = 333 - 16. Is x prime?
True
Let a(x) = 14*x**3 - 3*x**2 + x + 1. Let m be a(2). Let q = 262 - m. Is (-1 + (-24)/(-9))*q prime?
False
Let n(a) = 17*a**2 + 25*a - 119. Is n(-22) composite?
False
Let i(m) = -m**2 - 9*m - 11. Let h be i(-5). Let q = h - -1. Let n(p) = 21*p + 1. Is n(q) a composite number?
False
Suppose -2*k + 21 = 5*k. Suppose k*l - 4*l + 169 = 0. Is l prime?
False
Suppose 12 = 8*d - 2*d. Suppose -l + d*p + 2*p = -419, 4*l - 1657 = -3*p. Is l prime?
False
Let f(c) = c**3 - c**2 + c + 1. Let i(p) = -3*p**3 + 21*p**2 - 12*p - 6. Let a(b) = 4*f(b) + i(b). Is a(-9) a composite number?
True
Suppose 0 = q - 1437 - 3367. Suppose 7*y - 1587 - q = 0. Is y prime?
False
Is -14286*((845/(-10))/13 + 6) prime?
False
Suppose -51*k + 57*k - 39876 = 0. Is k a composite number?
True
Suppose 2*i = 27 - 41. Is 30/105 + (-3575)/i a prime number?
False
Suppose 2*f + 8 = -2*y, y = -3 - 1. Suppose 13*k - 12*k - 87 = f. Is k composite?
True
Let z(r) = 47*r**2 - r + 4. Let n be z(-3). Let v = 101 - -552. Let m = v - n. Is m a prime number?
True
Let n = -10 - -10. Let m(o) = -o + 483. Let k be m(n). Suppose q + k = 4*q. Is q a composite number?
True
Suppose -b - 15 = -6*b. Suppose 2334 = b*p - 303. Is p a composite number?
True
Suppose 2*v - 7756 = -2*v. Suppose y = -754 + v. Let n = y + -742. Is n a composite number?
False
Let a be (-52)/(-14) - 20/(-70). Suppose 3*k = a*f + 6*k - 4856, 4*f + k = 4848. Is f composite?
True
Suppose 0 = -9*t + 4*t + 50. Suppose 2*d + 5*v + t = -0, -5*v - 10 = -5*d. Suppose 2*m + 3*o - 34 - 16 = d, 46 = 2*m + o. Is m a composite number?
True
Is 40/15 + -2 + 11163/9 prime?
False
Let q(d) = d**2 - 2*d. Let o be q(0). Suppose o = 11*l - 10*l - 1249. Is l a prime number?
True
Let a be 1 - 4/2 - -3. Let b(m) = -3*m**3 + 3 + 5*m - 1 - m**a + 4*m**3. Is b(5) a prime number?
True
Suppose -10*v - 3*l = -12*v + 8449, -2*l + 4221 = v. Is v composite?
True
Suppose q - 125 = -2*w, -2*q + 8*w = 7*w - 235. Is q a composite number?
True
Let b(m) = m**2 - 7*m + 9. Let p be b(6). Is (p/12)/((-2)/(-2008)) composite?
False
Suppose 0 = 4*i + 12. Let v be (-10)/(-15) - 13/i. Suppose l = -2*l - v*d + 115, 45 = l + 5*d. Is l a composite number?
True
Let f = -29 + 25. Is (-3 - f) + 63*2 prime?
True
Let f = 65771 + -26506. Is f a composite number?
True
Suppose 21 = -o + 25. Suppose 3*q - 5*z - 1588 = -q, 3*z = o*q - 1588. Is q prime?
True
Is -78068*((-19)/(-133))/((-8)/14) a composite number?
True
Let k(c) = -c**3 + 14*c**2 + c - 12. Let v be k(14). Suppose s + 8 = 3*w, v*s - w = -s - 24. Let r = s + 21. Is r composite?
False
Suppose -10 = -5*m - 0. Let k(i) = 2*i + 191*i**m - 3*i - i + 1 + 1. Is k(1) a composite number?
False
Suppose n + 10 + 24 = 0. Let f = n + 35. Let u(l) = 88*l**2 + l. Is u(f) composite?
False
Let w(l) be the second derivative of 8*l**3/3 - 43*l**2/2 + 25*l. Is w(12) composite?
False
Let r = 26923 - 18260. Is r prime?
True
Suppose 54 = -7*v - 149. Let h = v + 54. Is h composite?
True
Let k(z) = z - 13. Let u be k(13). Suppose u = -4*w - 3*l + l + 2866, 0 = -3*w + 2*l + 2167. Is w a prime number?
True
Suppose 4*p + 5*t - 27921 = -0*t, 3*t - 27919 = -4*p. Is p a composite number?
True
Suppose 0 = 3*q + w - 7 - 10, 3*q + 2*w = 22. Suppose 4*o = -4*p + 1634 + 450, q*o - 3*p - 2056 = 0. Let x = o - 278. Is x prime?
True
Let f(z) = -z**3 - 4*z**2 - 16*z - 8. Suppose 2*x = -87 + 61. Is f(x) prime?
True
Suppose -33*y + 15*y + 68778 = 0. Is y composite?
False
Let f = 21 - 17. Suppose f*n = -n + 30. Is 512 - (n - 4 - -1) prime?
True
Let f be (12 - 17)*(-6)/10. Suppose -300 = -x + c + 491, -2341 = -f*x - 5*c. Is x composite?
False
Suppose -3*r - 504 = 3*q + r, 0 = -5*r. Let g = -77 - q. Is g composite?
True
Suppose 0 = -x + 5*t - 328 - 914, -x = -4*t + 1242. Let o = x - -2324. Is o composite?
True
Suppose 2*o - 3*f + 0*f = 6338, 0 = f + 4. Is o a composite number?
False
Suppose 5*f = 15, l - 5*f - 3964 = -0*l. Is l prime?
False
Suppose 7*p + 4 = 9*p. Suppose 0 = 4*a - p*a + u - 3456, 3*a = -5*u + 5198. Is a composite?
True
Suppose -2*j - 24 = -6*j. Suppose 5*m - 181 = j*m. Let u = 258 + m. Is u composite?
True
Let k be (-1)/(-2) - (1 + 850/4). Let d(w) = -44*w**3 + w**2 + 2*w + 2. Let l be d(-2). Let s = l + k. Is s composite?
True
Let a = 83 - 95. Is (-3 - -2)*398*a/8 a composite number?
True
Let x = 1359 + 998. Is x composite?
False
Suppose 2*f + 7 = r - 0, -2*r - 2*f - 16 = 0. Let u = 0 - r. Suppose -2*w - 46 = -u*w. Is w prime?
False
Suppose -u + 4 = 2. Suppose -u*i = -0*i - 212. Suppose -5*l + 1149 = -i. Is l a composite number?
False
Suppose 3*t = 4*z + 9, 6 = 2*t + 5*z - 0. Suppose -4*s + 1489 = -k, 2*k + 1128 = t*s + 5*k. Is s prime?
True
Let i(r) = r - 1. Let s be i(6). Suppose -3*v + s*v = 1174. Is v prime?
True
Let b = 4749 - 1972. Is b composite?
False
Suppose y = s + 2, 3*y = -3*s + 5*s + 6. Let w = y + 0. Is 52/w*(-28)/(-8) prime?
False
Let o = -10 + -3. Let b = -18 - o. Let p = b + 92. Is p a composite number?
True
Suppose -5 = -2*u + 5. Suppose 1396 = -u*z + 5856. Is ((-7)/(-28))/(1/z) a prime number?
True
Let w(b) = 840*b**2 - b - 5. Let m be w(-4). Suppose 13459 = 3*c - z, 0*z - 4*z = 3*c - m. Suppose -h + 903 = -4*o, -2*o - 3*o - c = -5*h. Is h composite?
True
Let d(z) = 86*z + 17. Let t(y) = y + 2. Let n(u) = -d(u) + 3*t(u). Let b be (3/(-6))/(1/12). Is n(b) a composite number?
False
Suppose 16*z = 77276 + 101172. Is z composite?
True
Let b(p) = 13*p**2 - 15*p + 4. Let m(r) = 7*r**2 - 8*r + 2. Let t(h) = 6*b(h) - 11*m(h). Is t(-11) prime?
False
Let j(h) be the first derivative of -1/2*h**2 - h - 3 + 0*h**3 - 149/4*h**4. Is j(-1) prime?
True
Suppose -2*c = -2*w - 92, 5*w + 166 = 2*c + 59. Suppose -2*g + 151 = c. Is g prime?
False
Suppose 120*v - 115*v + 4*j - 10694 = 0, -j = -4*v + 8551. Is v a composite number?
True
Suppose -8129 = -23*g + 4682. Is g a prime number?
True
Suppose -609151 = -23*x - 30678. Is x a composite number?
True
Let u(c) = -c**2 + 13*c + 14. Let h be u(14). Suppose -5*f + 128 + 727 = h. Suppose -591 = -4*z - j, f = 5*z + 5*j - 549. Is z composite?
False
Is (-27994)/(-6)*(-9)/(-3) composite?
False
Let o(d) = -34*d**2 - 2*d + 1. Let r be o(7). Let l = r - -3080. Suppose -3*c = 4*p - l, 4*p + p - 467 = -c. Is c prime?
True
Let i = -3758 + 5281. Is i prime?
True
Let w = 2675 + -732. Is w a prime number?
False
Suppose 1860 = 4*j + 3*p - 7*p, 4*j + p - 1885 = 0. Let n = -322 - -327. Suppose h = 3*a + a - 351, 5*a + n*h - j = 0. Is a a prime number?
True
Suppose -b - 39262 = -5*f, 5*f + 13*b = 9*b + 39277. Is f a composite number?
False
Let r(s) = -412*s + 153. Is r(-7) a composite number?
False
Let m = -1 - -1. Let d be (10 - (2 - (-1 - 2)))*10. Suppose -5*u + d + 15 = m. Is u prime?
True
Let p(w) = -3*w**2 - 8*w - 14. Let j be p(-8). Let v = j + 242. Let k = v + 369. Is k prime?
False
Let q(m) = 2*m**3 + 2*m**2 + 158*m + 19. Is q(13) prime?
False
Suppose -4*j + 4*k = j - 2517, -3*j = -2*k - 1509. Is j a prime number?
False
Suppose -5*h + 23799 = -46. Is h composite?
True
Let s be (-8)/8 + 109*1. Suppose -s = l + 3*l. Let x = l + 46. Is x composite?
False
Suppose -4*f = 4*t - 23944, 54*t + 2*f = 58*t - 23914. Is t composite?
False
Let d(w) = w**3 + 4*w**2 + 2*w - 6. Let x be d(-3). Let h be (-24)/(-36) + 2/x. Suppose h*p - 57 = -3*p. Is p a prime number?
True
Is (57/2)/(-19) + 52827/6 a composite number?
False
Let a(h) = -h**2 - 5*h - 1. Let n be a(-6). Let k(x) = 10*x**2 + 6*x - 1. Is k(n) composite?
True
Let w = 0 - -2. Suppose c + 3 = w*c. Let t(z) = 8*z**3 - 2*z**2 - 3*z + 2. Is t(c) prime?
True
Let x(d) = 11*d**3 - 7*d**2 + 8*d + 7. Is x(6) a prime number?
True
Suppose -3*i + g - 248 = -7*i, 0 = 4*i - 3*g - 248. Let f = i + 87. Is f a composite number?
False
Suppose -20 = 5*s, x = 5*s + 72 + 519. Suppose -3*d + 2*h = 7*h - 970, -h = -5*d + 1598. Let u = x - d. Is u prime?
True
Let k(h) = 14*h**2 - 6*h + 1. Let z = 52 - 21. Let y = -28 + z. Is k(y) composite?
False
Suppose 2*x + i 